
Evaluate (0 - (3 - -1 - 3)) + 0.
-1
Calculate -3 + -13 - ((12 - 18) + -1).
-9
What is the value of -8 + 8 + -1 + 6?
5
-30 + 25 + 3 + 0
-2
Calculate 11 - (6 - (7 + -8)).
4
-2 + -4 - (-21 + 19)
-4
-9 - ((-1 + -3 - -2) + -3)
-4
What is the value of (-8 + 4 - (-1 - -5)) + 2?
-6
What is -4 - (-18 + 4 + 4 + -1)?
7
Evaluate -5 - (1 + -2 - (-31 + 31)).
-4
Calculate 0 - (-5 + 5 + (0 - 3)).
3
What is the value of -3 + (-3 + 1 + 9 - 2)?
2
Evaluate -11 + -19 + 21 + (-2 - -2).
-9
What is -10 + 5 + -9 + 6 - -6?
-2
What is the value of (-1 + -1 - -3) + 4?
5
-1 - 2 - (0 + -9 + 4)
2
What is 0 - (-2 - -1 - (-4 + 3))?
0
What is -1 + -1 - -6 - (-1 + 2)?
3
What is 0 + -1 - (-2 - -2 - 5)?
4
Evaluate -2 - (7 + 3 + -1 + -21).
10
Evaluate (-5 - (-5 + 0)) + 1 + -6.
-5
What is -3 + -11 + 15 + -7?
-6
What is the value of (3 + -2 - -2) + -2 + 3?
4
What is -7 - -23 - -1 - (-8 + 15)?
10
What is 2 - (-3 + 3 - (-2 + 1))?
1
(5 - 15) + 4 - (0 - 3)
-3
What is the value of -7 + (0 - -4 - 2) + 1?
-4
Calculate -1 - (-6 - -9 - 4) - 7.
-7
Evaluate 2 + -7 - (1 + -10) - 3.
1
What is the value of -2 + 3 + 3 + -3?
1
What is -5 - (7 + -20 - -7)?
1
Evaluate 4 - (10 + (5 - 5)).
-6
What is the value of -2 + -2 + (1 - (1 - 4))?
0
What is -1 - (-2 + (5 - 6))?
2
What is the value of -1 + -3 + (2 - -5) + -1?
2
-1 + 0 + -5 + 2
-4
Evaluate 0 + (5 - 1) + -4.
0
Evaluate -3 + -3 + 1 + 1 + 0.
-4
What is 2 + -1 + -6 + (19 - 10)?
4
What is 16 - 12 - (-1 + 6) - 2?
-3
Calculate (-4 - -9 - 0) + -9 - -5.
1
(3 - 3) + -2 - (-6 + 1)
3
Calculate (-8 - -2) + -5 + 5.
-6
Calculate 0 - (6 + -7 + -4 - -3).
2
-18 - -6 - -12 - 1
-1
Evaluate (4 - (14 - 5)) + 9.
4
What is 0 - (-5 + 3) - (-14 + 14)?
2
Evaluate -2 - ((0 + 3 - -3) + 2).
-10
(-3 + (2 - -2) - 7) + 1
-5
What is -75 - -79 - (-4 + 0)?
8
Evaluate 1 + 0 + 0 + 4.
5
What is the value of 0 - (1 - (-3 + 1) - -2)?
-5
Calculate -7 - (-5 - -4 - 0).
-6
(3 - -1) + 2 + (-1 - -1)
6
(5 - 0 - 4) + -1
0
What is -4 + (-6 + 8 - -3) + 4?
5
Calculate (-3 + 4 - 4) + 5.
2
-1 + 0 + 7 - (12 - 9)
3
Evaluate 0 - (9 - (1 + -4 + 6)).
-6
Calculate (0 - (6 - 6)) + 3 - 6.
-3
Evaluate (-4 - -3) + -2 + (-1 - -4).
0
What is 5 + (-6 + 2 - (6 - 1))?
-4
What is the value of -7 - (-7 + -1 + -1)?
2
What is 15 - 6 - -3 - 17?
-5
Calculate -21 + 7 + (6 - (1 + -3)).
-6
What is the value of 2 + -10 + (-3 + 3 - -4)?
-4
What is the value of 0 + (0 - (-2 + 2))?
0
Calculate 1 + (-1 + 2 - 5) - -3.
0
-7 - (-3 + -5 + 1)
0
What is the value of -1 - (2 - -10 - 19)?
6
Evaluate -9 + (-5 - -4) - -17.
7
Evaluate 25 + -28 - (1 - (1 + 1)).
-2
-8 + 4 + 1 + (-3 - -8)
2
What is 0 + 3 + 1 + (206 - 206)?
4
What is 1 - 0 - (-7 + 5)?
3
What is the value of -1 + (1 - -3) - 4?
-1
Calculate -3 + 8 - 12 - -1 - -12.
6
Evaluate -3 + 10 + 10 + -14.
3
What is the value of (2 - 8) + 4 + (-1 - -5)?
2
(-1 - 2 - 0 - -4) + -4
-3
Calculate -1 + 2 - (76 + -80).
5
Evaluate -3 - -2 - (3 - 1).
-3
Evaluate -13 + 3 + -3 + 1 + 5.
-7
Calculate (-2 - (0 + 1)) + 3 + 3.
3
What is -1 - (2 - 0 - (0 + 4))?
1
Evaluate -5 - (-6 - (-1 + 2)).
2
What is 1 + 0 - (16 + -21 + -2)?
8
1 + -1 + -8 + 10
2
2 - (1 + -5 + 3 + 4)
-1
What is the value of (3 + 3 - 3 - 0) + -3?
0
What is the value of -7 + (1 + -5 - (-19 + 0))?
8
What is the value of (-12 + 11 - (1 + 1)) + 3?
0
What is the value of 8 + -9 + 0 + 3 + 1?
3
What is the value of 2 + 0 + 137 + -134?
5
What is the value of 11 + 1 + (-20 - -14)?
6
Evaluate -6 + -4 + 5 + -2.
-7
Evaluate (-3 - (6 + -5)) + 0.
-4
-8 - 0 - (21 - 33)
4
What is the value of -5 + (0 + 1 - 1 - -3)?
-2
14 + -3 - (-6 - (8 + -17))
8
What is 7 + (13 - 18) - (0 - 4)?
6
Calculate 7 - (12 + 3 - 5).
-3
What is the value of 10 - ((-8 - -26) + 2)?
-10
2 - ((-2 - 2) + 6 + 0)
0
3 + -5 - (-1 + 0 + 2)
-3
5 - (-3 - (2 + -10))
0
What is the value of -3 + 4 + -10 + 12 + -5?
-2
What is 0 - (6 - (2 - -1)) - 0?
-3
What is (1 - (-4 + 5)) + 3?
3
Calculate (1 - 9) + 3 + 2 - -11.
8
Calculate -3 - -2 - -7 - 6.
0
What is 9 + -6 - (11 + -4)?
-4
-7 - (-9 + 8 + -6)
0
What is 0 - (4 + 5) - (22 - 29)?
-2
Calculate 17 - 18 - (-1 - 2).
2
Calculate 13 + -9 - 6 - (-8 + 1).
5
Calculate 5 + -3 + -6 + -9 + 6.
-7
2 - (0 - -4) - 3
-5
26 + -31 - (-10 - -3)
2
Evaluate (-3 - (-3 - 0)) + -5 + 4.
-1
Evaluate -2 + -3 - (0 - 3).
-2
(16 - 27) + (1 - -5)
-5
What is 3 - (-4 + -2 + 1 + 5)?
3
Evaluate -1 + -3 + (4 - 3).
-3
Calculate -2 + -10 + (16 - 8).
-4
7 + (3 + 1 - (5 + 0))
6
What is 8 + -2 - (-56 + 64)?
-2
What is the value of 4 + (-4 + 6 - 2)?
4
Calculate (0 - 3 - -10) + 20 + -20.
7
What is the value of -2 + (7 - 8) + -2?
-5
Evaluate -5 - (5 + -3 + -5).
-2
What is the value of 13 + -21 + (1 - -1) + -2?
-8
-6 - (2 + 2 + 0) - -5
-5
Evaluate -1 + -2 + (2 - 2).
-3
Calculate 4 + 6 + (0 - 4).
6
-4 + 2 + (11 - 3)
6
42 + -39 + (0 - 8)
-5
What is the value of 0 + -2 - (-2 + 6 + -5)?
-1
Evaluate -1 - ((5 - 8) + -4).
6
Evaluate 0 - -10 - (165 + -146).
-9
What is the value of 6 - 7 - (-4 - 0)?
3
What is the value of 5 - (-8 + (10 - 4))?
7
Calculate -3 + (-2 - -2) + -3.
-6
2 - 7 - (-13 - -2)
6
What is the value of -2 - ((-3 + -7 - 2) + 7)?
3
Evaluate 6 + -2 + (2 + 8 - 7).
7
Evaluate -3 - (1 - 1) - (1 - -1).
-5
(-2 - -4) + 0 - 6 - -3
-1
What is the value of (-73 - -75) + -7 + 1?
-4
What is 6 + (7 - 12) + (5 - 4)?
2
Evaluate (-22 + 39 - 15) + (-8 - 1).
-7
What is 7 + (3 - 9) - 1?
0
What is the value of -5 + (0 + 0 + 1 - -2)?
-2
What is the value of (-2 - -5) + 0 - (23 + -21)?
1
(2 - 9) + 13 + -8
-2
0 + (2 - 1) + (2 - 0)
3
What is the value of 4 + (-5 + 11 - (2 + 4))?
4
6 - (4 - (-16 - -12))
-2
What is -8 + (6 - -9 - 2)?
5
What is the value of 0 + -7 + 0 + 3?
-4
What is (-4 - -2) + (1 - (2 - -1))?
-4
What is (-2 - (0 + -4)) + 7 + -4?
5
Calculate 3 - (0 - 4 - (-48 + 41)).
0
Evaluate -1 + 12 + -10 + 6.
7
What is the value of 3 + (-3 - ((5 - 10) + 6))?
-1
3 - (-3 - (-4 - (2 - 1)))
1
What is the value of 6 + -2 + -8 + 4 - 6?
-6
What is (-2 - -1) + 1 + -1 + -4?
-5
Evaluate (-7 - 1) + 14 + (-14 - -3).
-5
What is the value of 9 + -10 - (-3 + 1 - -5)?
-4
Calculate 5 + (-10 - 4) + 2.
-7
3 - (-1 - ((2 - 0) + -6))
0
Calculate 5 + (10 + -5 - 2) + -2.
6
Evaluate 2 + (-7 - 1 - -3 - -4).
1
Evaluate 5 + -3 + -3 + 2.
1
Evaluate (-2 - -3) + (0 - -3).
4
Evaluate (-3 - (-5 - -1)) + 1.
2
What is (-1 - -2 - 1) + -5?
-5
Calculate 1 - (0 + -2 - -5).
-2
What is -2 + 2 + 5 + -6 - 4?
-5
(-1 - 1) + (4 - 5)
-3
What is 0 + 0 - (2 + -1 + -3)?
2
What is -3 - (4 + -5) - 2?
-4
What is the value of (-4 - (-4 - -3)) + 5?
2
What is -14 + 22 - (6 + -1)?
3
What is the value of 17 + -17 - (4 - 2)?
-2
What is (-1 - -3 - 12) + (0 - -3)?
-7
Evaluate -4 + 9 - (-4 + (-1 - -12)).
-2
5 + (-7 - 0) + -1 + -4
-7
What is the value of 2 + -2 + (-4 - -8) + -2?
2
Calculate (2 - (8 + -3)) + 4 + 2.
3
Calculate 12 + -7 + 2 + 1.
8
Calculate 7 + (-4 - 0) + (-23 - -16).
-4
Calculate 2 + -6 + 11 + -2 + -2.
3
Calculate (-6 - (5 - 2) - -6) + 0.
-3
Calculate -3 + (10 - (-4 + 7)) - 5.
-1
What is 13 + 0 + -19 - 4?
-10
What is (-1 - -4) + -41 + 43?
5
What is -1 + 4 + (1 - (-2 - -7))?
-1
What is the value of 6 - (-5 - (-1 - 11))?
-1
What is the value of 2 + (2 - 1) + -5 + 5?
3
Evaluate 0 + 4 + -3 - 5.
-4
(-2 - -3) + (-3 + -5 - -1)
-6
Calculate -18 + 12 - (-3 - 4).
1
(3 + -5 - -7) + (-1 - -1)
5
Evaluate -4 + 6 + -4 + -3.
-5
-4 + 8 + -2 + -3
-1
What is -8 - -3 - (3 + -11 - -2)?
1
Calculate (-4 - -1) + 7 + -3 - 2.
-1
-11 - -4 - (-6 + 2)
-3
-7 - (1 + (-9 - -1))
0
(8 - (-20 + 23)) + -6 + 1
0
What is -19 + 25 - (5 - 0)?
1
Evaluate -11 + (3 - 6 - -4).
-10
What is the value of -5 + (-10 + 5 - (1 - 16))?
5
Evaluate 4 - (7 + -7 + 0 + 1).
3
What is the value of 2 - -1 - (-21 - -6 - -13)?
5
Evaluate (3 - (1 - (3 + -4))) + -4.
-3
What is the value of (8 - 12 - 2) + 0 + 12?
6
What is the value of -8 - (-13 - -7) - (-1 + 0)?
-1
What is the value of (-3 - 1) + 0 + (11 - 9)?
-2
Evaluate -2 - ((-3 - -1) + -2).
2
2 + -7 + 10 - 0
5
What is -4 + (-4 - (-5 + -4 + -3))?
4
What is 61 + -55 - (-5 - (-4 - -2))?
9
(1 - (0 + 1)) + (-9 - -13)
4
-10 + 3 + 7 - -5
5
Evaluate -3 + (1 - 8 - -4).
-6
What is the value of 0 + 3 + 3 + -4 + 1?
3
-11 + 7 + 8 + 2 + 1
7
-1 + 1 - (-2 + 9 - 3)
-4
Evaluate (-1 + (-1 - 1) - -2) + 0.
-1
Evaluate (1 - 2) + -5 - -3.
-3
What is -3 - (2 + -7 + -2 + 3)?
1
What is 8 + -14 - -5 - (-3 - -2)?
0
What is the value of -47 + 44 + 3 + -1?
-1
What is the value of (366 - 3